{"id":392,"date":"2023-08-28T12:44:32","date_gmt":"2023-08-28T10:44:32","guid":{"rendered":"https:\/\/www.lauschekammer.de\/wordpress\/?page_id=392"},"modified":"2023-09-14T11:22:00","modified_gmt":"2023-09-14T09:22:00","slug":"home","status":"publish","type":"page","link":"https:\/\/www.lauschekammer.de\/wordpress\/","title":{"rendered":"News"},"content":{"rendered":"\n<p>Das neue Lauschekammer Album &#8222;Stretch the Past&#8220; ist frisch gepresst und ab dem  22. September 2023 in meinem <a href=\"https:\/\/lauschekammer.bandcamp.com\" target=\"_blank\" rel=\"noreferrer noopener\">Bandcamp-Shop<\/a> sowie auf allen g\u00e4ngigen <a href=\"https:\/\/listen.music-hub.com\/zjVicH\" target=\"_blank\" rel=\"noreferrer noopener\">Streaming-Plattformen<\/a> verf\u00fcgbar! <\/p>\n\n\n\n<p>Aktuelle Projekte und Themen findest du unter <a href=\"https:\/\/www.lauschekammer.de\/wordpress\/index.php\/sounds\/\">Kl\u00e4nge und Projekte<\/a>. Wenn du mehr \u00fcber mich erfahren m\u00f6chtest, schau doch mal bei <a href=\"https:\/\/www.lauschekammer.de\/wordpress\/index.php\/about-lauschekammer\/\">About<\/a> rein. Du kannst mir bei Fragen, Anregungen oder W\u00fcnschen auch gerne eine <a href=\"https:\/\/www.lauschekammer.de\/wordpress\/index.php\/contact\/\">Nachricht<\/a> schreiben.<br><br>Ich freue mich, wenn du mir auf Instagram, Soundcloud, Facebook etc. folgst. Die Links findest du oben rechts. Viel Spa\u00df!<\/p>\n\n\n\n<p>Ansgar \/\/ Lauschekammer<\/p>\n\n\n\n<figure class=\"wp-block-image size-large\"><img loading=\"lazy\" width=\"1024\" height=\"769\" src=\"https:\/\/www.lauschekammer.de\/wordpress\/wp-content\/uploads\/2023\/09\/IMG_5819-edited-1024x769.jpg\" alt=\"CD Lauschekammer: Stretch the Past\n\" class=\"wp-image-453\" srcset=\"https:\/\/www.lauschekammer.de\/wordpress\/wp-content\/uploads\/2023\/09\/IMG_5819-edited-1024x769.jpg 1024w, https:\/\/www.lauschekammer.de\/wordpress\/wp-content\/uploads\/2023\/09\/IMG_5819-edited-300x225.jpg 300w, https:\/\/www.lauschekammer.de\/wordpress\/wp-content\/uploads\/2023\/09\/IMG_5819-edited-768x576.jpg 768w, https:\/\/www.lauschekammer.de\/wordpress\/wp-content\/uploads\/2023\/09\/IMG_5819-edited-1536x1153.jpg 1536w, https:\/\/www.lauschekammer.de\/wordpress\/wp-content\/uploads\/2023\/09\/IMG_5819-edited-2048x1537.jpg 2048w\" sizes=\"(max-width: 1024px) 100vw, 1024px\" \/><\/figure>\n\n\n\n<p><\/p>\n","protected":false},"excerpt":{"rendered":"<p>Das neue Lauschekammer Album &#8222;Stretch the Past&#8220; ist frisch gepresst und ab dem 22. September 2023 in meinem Bandcamp-Shop sowie auf allen g\u00e4ngigen Streaming-Plattformen verf\u00fcgbar! Aktuelle Projekte und Themen findest du unter Kl\u00e4nge und Projekte. Wenn du mehr \u00fcber mich erfahren m\u00f6chtest, schau doch mal bei About rein. Du kannst mir bei Fragen, Anregungen oder W\u00fcnschen auch gerne eine Nachricht schreiben. Ich freue mich, wenn du mir auf Instagram, Soundcloud, Facebook etc. folgst. Die Links findest du oben rechts. Viel Spa\u00df! Ansgar \/\/ Lauschekammer<\/p>\n","protected":false},"author":1,"featured_media":0,"parent":0,"menu_order":0,"comment_status":"closed","ping_status":"closed","template":"","meta":[],"yoast_head":"<!-- This site is optimized with the Yoast SEO plugin v17.9 - https:\/\/yoast.com\/wordpress\/plugins\/seo\/ -->\n<title>News &bull; Lauschekammer<\/title>\n<meta name=\"description\" content=\"Neuigkeiten \u00fcber Lauschekammer und seine Musik!\" \/>\n<meta name=\"robots\" content=\"index, follow, max-snippet:-1, max-image-preview:large, max-video-preview:-1\" \/>\n<link rel=\"canonical\" href=\"https:\/\/www.lauschekammer.de\/wordpress\/\" \/>\n<meta property=\"og:locale\" content=\"de_DE\" \/>\n<meta property=\"og:type\" content=\"article\" \/>\n<meta property=\"og:title\" content=\"News &bull; Lauschekammer\" \/>\n<meta property=\"og:description\" content=\"Neuigkeiten \u00fcber Lauschekammer und seine Musik!\" \/>\n<meta property=\"og:url\" content=\"https:\/\/www.lauschekammer.de\/wordpress\/\" \/>\n<meta property=\"og:site_name\" content=\"Lauschekammer\" \/>\n<meta property=\"article:publisher\" content=\"https:\/\/facebook.com\/lauschekammer\" \/>\n<meta property=\"article:modified_time\" content=\"2023-09-14T09:22:00+00:00\" \/>\n<meta property=\"og:image\" content=\"https:\/\/www.lauschekammer.de\/wordpress\/wp-content\/uploads\/2023\/09\/IMG_5819-edited-1024x769.jpg\" \/>\n<meta name=\"twitter:card\" content=\"summary_large_image\" \/>\n<meta name=\"twitter:label1\" content=\"Gesch\u00e4tzte Lesezeit\" \/>\n\t<meta name=\"twitter:data1\" content=\"1\u00a0Minute\" \/>\n<script type=\"application\/ld+json\" class=\"yoast-schema-graph\">{\"@context\":\"https:\/\/schema.org\",\"@graph\":[{\"@type\":\"Organization\",\"@id\":\"https:\/\/www.lauschekammer.de\/wordpress\/#organization\",\"name\":\"Lauschekammer\",\"url\":\"https:\/\/www.lauschekammer.de\/wordpress\/\",\"sameAs\":[\"https:\/\/facebook.com\/lauschekammer\",\"https:\/\/de.linkedin.com\/in\/ansgar-silies-379a1669\"],\"logo\":{\"@type\":\"ImageObject\",\"@id\":\"https:\/\/www.lauschekammer.de\/wordpress\/#logo\",\"inLanguage\":\"de\",\"url\":\"https:\/\/www.lauschekammer.de\/wordpress\/wp-content\/uploads\/2021\/03\/logo_lauschekammer_2021_q_blau.jpg\",\"contentUrl\":\"https:\/\/www.lauschekammer.de\/wordpress\/wp-content\/uploads\/2021\/03\/logo_lauschekammer_2021_q_blau.jpg\",\"width\":1063,\"height\":1063,\"caption\":\"Lauschekammer\"},\"image\":{\"@id\":\"https:\/\/www.lauschekammer.de\/wordpress\/#logo\"}},{\"@type\":\"WebSite\",\"@id\":\"https:\/\/www.lauschekammer.de\/wordpress\/#website\",\"url\":\"https:\/\/www.lauschekammer.de\/wordpress\/\",\"name\":\"Lauschekammer\",\"description\":\"\",\"publisher\":{\"@id\":\"https:\/\/www.lauschekammer.de\/wordpress\/#organization\"},\"potentialAction\":[{\"@type\":\"SearchAction\",\"target\":{\"@type\":\"EntryPoint\",\"urlTemplate\":\"https:\/\/www.lauschekammer.de\/wordpress\/?s={search_term_string}\"},\"query-input\":\"required name=search_term_string\"}],\"inLanguage\":\"de\"},{\"@type\":\"ImageObject\",\"@id\":\"https:\/\/www.lauschekammer.de\/wordpress\/#primaryimage\",\"inLanguage\":\"de\",\"url\":\"https:\/\/www.lauschekammer.de\/wordpress\/wp-content\/uploads\/2023\/09\/IMG_5819-edited-scaled.jpg\",\"contentUrl\":\"https:\/\/www.lauschekammer.de\/wordpress\/wp-content\/uploads\/2023\/09\/IMG_5819-edited-scaled.jpg\",\"width\":2560,\"height\":1921},{\"@type\":\"WebPage\",\"@id\":\"https:\/\/www.lauschekammer.de\/wordpress\/#webpage\",\"url\":\"https:\/\/www.lauschekammer.de\/wordpress\/\",\"name\":\"News &bull; Lauschekammer\",\"isPartOf\":{\"@id\":\"https:\/\/www.lauschekammer.de\/wordpress\/#website\"},\"primaryImageOfPage\":{\"@id\":\"https:\/\/www.lauschekammer.de\/wordpress\/#primaryimage\"},\"datePublished\":\"2023-08-28T10:44:32+00:00\",\"dateModified\":\"2023-09-14T09:22:00+00:00\",\"description\":\"Neuigkeiten \\u00fcber Lauschekammer und seine Musik!\",\"breadcrumb\":{\"@id\":\"https:\/\/www.lauschekammer.de\/wordpress\/#breadcrumb\"},\"inLanguage\":\"de\",\"potentialAction\":[{\"@type\":\"ReadAction\",\"target\":[\"https:\/\/www.lauschekammer.de\/wordpress\/\"]}]},{\"@type\":\"BreadcrumbList\",\"@id\":\"https:\/\/www.lauschekammer.de\/wordpress\/#breadcrumb\",\"itemListElement\":[{\"@type\":\"ListItem\",\"position\":1,\"name\":\"Startseite\",\"item\":\"https:\/\/www.lauschekammer.de\/wordpress\/\"},{\"@type\":\"ListItem\",\"position\":2,\"name\":\"News\"}]}]}<\/script>\n<!-- \/ Yoast SEO plugin. -->","yoast_head_json":{"title":"News &bull; Lauschekammer","description":"Neuigkeiten \u00fcber Lauschekammer und seine Musik!","robots":{"index":"index","follow":"follow","max-snippet":"max-snippet:-1","max-image-preview":"max-image-preview:large","max-video-preview":"max-video-preview:-1"},"canonical":"https:\/\/www.lauschekammer.de\/wordpress\/","og_locale":"de_DE","og_type":"article","og_title":"News &bull; Lauschekammer","og_description":"Neuigkeiten \u00fcber Lauschekammer und seine Musik!","og_url":"https:\/\/www.lauschekammer.de\/wordpress\/","og_site_name":"Lauschekammer","article_publisher":"https:\/\/facebook.com\/lauschekammer","article_modified_time":"2023-09-14T09:22:00+00:00","og_image":[{"url":"https:\/\/www.lauschekammer.de\/wordpress\/wp-content\/uploads\/2023\/09\/IMG_5819-edited-1024x769.jpg"}],"twitter_card":"summary_large_image","twitter_misc":{"Gesch\u00e4tzte Lesezeit":"1\u00a0Minute"},"schema":{"@context":"https:\/\/schema.org","@graph":[{"@type":"Organization","@id":"https:\/\/www.lauschekammer.de\/wordpress\/#organization","name":"Lauschekammer","url":"https:\/\/www.lauschekammer.de\/wordpress\/","sameAs":["https:\/\/facebook.com\/lauschekammer","https:\/\/de.linkedin.com\/in\/ansgar-silies-379a1669"],"logo":{"@type":"ImageObject","@id":"https:\/\/www.lauschekammer.de\/wordpress\/#logo","inLanguage":"de","url":"https:\/\/www.lauschekammer.de\/wordpress\/wp-content\/uploads\/2021\/03\/logo_lauschekammer_2021_q_blau.jpg","contentUrl":"https:\/\/www.lauschekammer.de\/wordpress\/wp-content\/uploads\/2021\/03\/logo_lauschekammer_2021_q_blau.jpg","width":1063,"height":1063,"caption":"Lauschekammer"},"image":{"@id":"https:\/\/www.lauschekammer.de\/wordpress\/#logo"}},{"@type":"WebSite","@id":"https:\/\/www.lauschekammer.de\/wordpress\/#website","url":"https:\/\/www.lauschekammer.de\/wordpress\/","name":"Lauschekammer","description":"","publisher":{"@id":"https:\/\/www.lauschekammer.de\/wordpress\/#organization"},"potentialAction":[{"@type":"SearchAction","target":{"@type":"EntryPoint","urlTemplate":"https:\/\/www.lauschekammer.de\/wordpress\/?s={search_term_string}"},"query-input":"required name=search_term_string"}],"inLanguage":"de"},{"@type":"ImageObject","@id":"https:\/\/www.lauschekammer.de\/wordpress\/#primaryimage","inLanguage":"de","url":"https:\/\/www.lauschekammer.de\/wordpress\/wp-content\/uploads\/2023\/09\/IMG_5819-edited-scaled.jpg","contentUrl":"https:\/\/www.lauschekammer.de\/wordpress\/wp-content\/uploads\/2023\/09\/IMG_5819-edited-scaled.jpg","width":2560,"height":1921},{"@type":"WebPage","@id":"https:\/\/www.lauschekammer.de\/wordpress\/#webpage","url":"https:\/\/www.lauschekammer.de\/wordpress\/","name":"News &bull; Lauschekammer","isPartOf":{"@id":"https:\/\/www.lauschekammer.de\/wordpress\/#website"},"primaryImageOfPage":{"@id":"https:\/\/www.lauschekammer.de\/wordpress\/#primaryimage"},"datePublished":"2023-08-28T10:44:32+00:00","dateModified":"2023-09-14T09:22:00+00:00","description":"Neuigkeiten \u00fcber Lauschekammer und seine Musik!","breadcrumb":{"@id":"https:\/\/www.lauschekammer.de\/wordpress\/#breadcrumb"},"inLanguage":"de","potentialAction":[{"@type":"ReadAction","target":["https:\/\/www.lauschekammer.de\/wordpress\/"]}]},{"@type":"BreadcrumbList","@id":"https:\/\/www.lauschekammer.de\/wordpress\/#breadcrumb","itemListElement":[{"@type":"ListItem","position":1,"name":"Startseite","item":"https:\/\/www.lauschekammer.de\/wordpress\/"},{"@type":"ListItem","position":2,"name":"News"}]}]}},"_links":{"self":[{"href":"https:\/\/www.lauschekammer.de\/wordpress\/index.php\/wp-json\/wp\/v2\/pages\/392"}],"collection":[{"href":"https:\/\/www.lauschekammer.de\/wordpress\/index.php\/wp-json\/wp\/v2\/pages"}],"about":[{"href":"https:\/\/www.lauschekammer.de\/wordpress\/index.php\/wp-json\/wp\/v2\/types\/page"}],"author":[{"embeddable":true,"href":"https:\/\/www.lauschekammer.de\/wordpress\/index.php\/wp-json\/wp\/v2\/users\/1"}],"replies":[{"embeddable":true,"href":"https:\/\/www.lauschekammer.de\/wordpress\/index.php\/wp-json\/wp\/v2\/comments?post=392"}],"version-history":[{"count":9,"href":"https:\/\/www.lauschekammer.de\/wordpress\/index.php\/wp-json\/wp\/v2\/pages\/392\/revisions"}],"predecessor-version":[{"id":471,"href":"https:\/\/www.lauschekammer.de\/wordpress\/index.php\/wp-json\/wp\/v2\/pages\/392\/revisions\/471"}],"wp:attachment":[{"href":"https:\/\/www.lauschekammer.de\/wordpress\/index.php\/wp-json\/wp\/v2\/media?parent=392"}],"curies":[{"name":"wp","href":"https:\/\/api.w.org\/{rel}","templated":true}]}}

<p>Das neue Lauschekammer Album &#8222;Stretch the Past&#8220; ist frisch gepresst und ab dem  22. September 2023 in meinem <a href="https://lauschekammer.bandcamp.com" target="_blank" rel="noreferrer noopener">Bandcamp-Shop</a> sowie auf allen gängigen <a href="https://listen.music-hub.com/zjVicH" target="_blank" rel="noreferrer noopener">Streaming-Plattformen</a> verfügbar! </p>



<p>Aktuelle Projekte und Themen findest du unter <a href="https://www.lauschekammer.de/wordpress/index.php/sounds/">Klänge und Projekte</a>. Wenn du mehr über mich erfahren möchtest, schau doch mal bei <a href="https://www.lauschekammer.de/wordpress/index.php/about-lauschekammer/">About</a> rein. Du kannst mir bei Fragen, Anregungen oder Wünschen auch gerne eine <a href="https://www.lauschekammer.de/wordpress/index.php/contact/">Nachricht</a> schreiben.<br><br>Ich freue mich, wenn du mir auf Instagram, Soundcloud, Facebook etc. folgst. Die Links findest du oben rechts. Viel Spaß!</p>



<p>Ansgar // Lauschekammer</p>



<figure class="wp-block-image size-large"><img loading="lazy" width="1024" height="769" src="https://www.lauschekammer.de/wordpress/wp-content/uploads/2023/09/IMG_5819-edited-1024x769.jpg" alt="CD Lauschekammer: Stretch the Past
" class="wp-image-453" srcset="https://www.lauschekammer.de/wordpress/wp-content/uploads/2023/09/IMG_5819-edited-1024x769.jpg 1024w, https://www.lauschekammer.de/wordpress/wp-content/uploads/2023/09/IMG_5819-edited-300x225.jpg 300w, https://www.lauschekammer.de/wordpress/wp-content/uploads/2023/09/IMG_5819-edited-768x576.jpg 768w, https://www.lauschekammer.de/wordpress/wp-content/uploads/2023/09/IMG_5819-edited-1536x1153.jpg 1536w, https://www.lauschekammer.de/wordpress/wp-content/uploads/2023/09/IMG_5819-edited-2048x1537.jpg 2048w" sizes="(max-width: 1024px) 100vw, 1024px" /></figure>



<p></p>

<p>Das neue Lauschekammer Album &#8222;Stretch the Past&#8220; ist frisch gepresst und ab dem 22. September 2023 in meinem Bandcamp-Shop sowie auf allen gängigen Streaming-Plattformen verfügbar! Aktuelle Projekte und Themen findest du unter Klänge und Projekte. Wenn du mehr über mich erfahren möchtest, schau doch mal bei About rein. Du kannst mir bei Fragen, Anregungen oder Wünschen auch gerne eine Nachricht schreiben. Ich freue mich, wenn du mir auf Instagram, Soundcloud, Facebook etc. folgst. Die Links findest du oben rechts. Viel Spaß! Ansgar // Lauschekammer</p>

<!-- This site is optimized with the Yoast SEO plugin v17.9 - https://yoast.com/wordpress/plugins/seo/ -->
<title>News &bull; Lauschekammer</title>
<meta name="description" content="Neuigkeiten über Lauschekammer und seine Musik!" />
<meta name="robots" content="index, follow, max-snippet:-1, max-image-preview:large, max-video-preview:-1" />
<link rel="canonical" href="https://www.lauschekammer.de/wordpress/" />
<meta property="og:locale" content="de_DE" />
<meta property="og:type" content="article" />
<meta property="og:title" content="News &bull; Lauschekammer" />
<meta property="og:description" content="Neuigkeiten über Lauschekammer und seine Musik!" />
<meta property="og:url" content="https://www.lauschekammer.de/wordpress/" />
<meta property="og:site_name" content="Lauschekammer" />
<meta property="article:publisher" content="https://facebook.com/lauschekammer" />
<meta property="article:modified_time" content="2023-09-14T09:22:00+00:00" />
<meta property="og:image" content="https://www.lauschekammer.de/wordpress/wp-content/uploads/2023/09/IMG_5819-edited-1024x769.jpg" />
<meta name="twitter:card" content="summary_large_image" />
<meta name="twitter:label1" content="Geschätzte Lesezeit" />
	<meta name="twitter:data1" content="1 Minute" />
<script type="application/ld+json" class="yoast-schema-graph">{"@context":"https://schema.org","@graph":[{"@type":"Organization","@id":"https://www.lauschekammer.de/wordpress/#organization","name":"Lauschekammer","url":"https://www.lauschekammer.de/wordpress/","sameAs":["https://facebook.com/lauschekammer","https://de.linkedin.com/in/ansgar-silies-379a1669"],"logo":{"@type":"ImageObject","@id":"https://www.lauschekammer.de/wordpress/#logo","inLanguage":"de","url":"https://www.lauschekammer.de/wordpress/wp-content/uploads/2021/03/logo_lauschekammer_2021_q_blau.jpg","contentUrl":"https://www.lauschekammer.de/wordpress/wp-content/uploads/2021/03/logo_lauschekammer_2021_q_blau.jpg","width":1063,"height":1063,"caption":"Lauschekammer"},"image":{"@id":"https://www.lauschekammer.de/wordpress/#logo"}},{"@type":"WebSite","@id":"https://www.lauschekammer.de/wordpress/#website","url":"https://www.lauschekammer.de/wordpress/","name":"Lauschekammer","description":"","publisher":{"@id":"https://www.lauschekammer.de/wordpress/#organization"},"potentialAction":[{"@type":"SearchAction","target":{"@type":"EntryPoint","urlTemplate":"https://www.lauschekammer.de/wordpress/?s={search_term_string}"},"query-input":"required name=search_term_string"}],"inLanguage":"de"},{"@type":"ImageObject","@id":"https://www.lauschekammer.de/wordpress/#primaryimage","inLanguage":"de","url":"https://www.lauschekammer.de/wordpress/wp-content/uploads/2023/09/IMG_5819-edited-scaled.jpg","contentUrl":"https://www.lauschekammer.de/wordpress/wp-content/uploads/2023/09/IMG_5819-edited-scaled.jpg","width":2560,"height":1921},{"@type":"WebPage","@id":"https://www.lauschekammer.de/wordpress/#webpage","url":"https://www.lauschekammer.de/wordpress/","name":"News &bull; Lauschekammer","isPartOf":{"@id":"https://www.lauschekammer.de/wordpress/#website"},"primaryImageOfPage":{"@id":"https://www.lauschekammer.de/wordpress/#primaryimage"},"datePublished":"2023-08-28T10:44:32+00:00","dateModified":"2023-09-14T09:22:00+00:00","description":"Neuigkeiten \u00fcber Lauschekammer und seine Musik!","breadcrumb":{"@id":"https://www.lauschekammer.de/wordpress/#breadcrumb"},"inLanguage":"de","potentialAction":[{"@type":"ReadAction","target":["https://www.lauschekammer.de/wordpress/"]}]},{"@type":"BreadcrumbList","@id":"https://www.lauschekammer.de/wordpress/#breadcrumb","itemListElement":[{"@type":"ListItem","position":1,"name":"Startseite","item":"https://www.lauschekammer.de/wordpress/"},{"@type":"ListItem","position":2,"name":"News"}]}]}</script>
<!-- / Yoast SEO plugin. -->

Neuigkeiten über Lauschekammer und seine Musik!
